ivided by 1548.
1541
Calculate the remainder when 16134 is divided by 3349.
2738
Calculate the remainder when 19615776 is divided by 49.
47
What is the remainder when 34832 is divided by 11579?
95
What is the remainder when 664323 is divided by 258?
231
What is the remainder when 623627 is divided by 132?
59
Calculate the remainder when 2697328 is divided by 1348602.
124
What is the remainder when 913494678 is divided by 11?
8
Calculate the remainder when 28988 is divided by 4123.
127
What is the remainder when 886872 is divided by 5279?
0
What is the remainder when 11789646 is divided by 906895?
11
What is the remainder when 49659278 is divided by 4965927?
8
Calculate the remainder when 1115654 is divided by 4194.
50
Calculate the remainder when 574998 is divided by 256.
22
What is the remainder when 421401 is divided by 218?
7
Calculate the remainder when 10529363 is divided by 539.
537
Calculate the remainder when 1415334 is divided by 482.
182
Calculate the remainder when 78595298 is divided by 19648822.
10
Calculate the remainder when 1105099 is divided by 6217.
4690
What is the remainder when 120824292 is divided by 1050646?
2
What is the remainder when 1622140 is divided by 170?
0
Calculate the remainder when 8984889 is divided by 2987.
2980
Calculate the remainder when 240390 is divided by 12.
6
Calculate the remainder when 700329 is divided by 233441.
6
What is the remainder when 5871411 is divided by 19?
12
Calculate the remainder when 1085068 is divided by 205.
3
What is the remainder when 6149390 is divided by 115?
110
What is the remainder when 9830980 is divided by 1793?
1754
What is the remainder when 7115982 is divided by 9?
6
Calculate the remainder when 9879062 is divided by 16.
6
Calculate the remainder when 398703 is divided by 23441.
206
Calculate the remainder when 556750 is divided by 58.
8
What is the remainder when 548032 is divided by 173?
141
Calculate the remainder when 12455 is divided by 504.
359
Calculate the remainder when 12552669 is divided by 1270.
1259
Calculate the remainder when 30585 is divided by 4401.
4179
Calculate the remainder when 464032 is divided by 66266.
170
Calculate the remainder when 13295154 is divided by 55.
4
Calculate the remainder when 57170 is divided by 18948.
326
Calculate the remainder when 2498459 is divided by 3085.
2694
Calculate the remainder when 752101 is divided by 685.
656
What is the remainder when 1395861 is divided by 2023?
2014
What is the remainder when 1054824 is divided by 441?
393
What is the remainder when 2370875 is divided by 2685?
20
What is the remainder when 288543115 is divided by 57?
52
Calculate the remainder when 12328044 is divided by 4038.
30
What is the remainder when 49273 is divided by 12277?
165
What is the remainder when 26493188 is divided by 1797?
17
What is the remainder when 54903 is divided by 752?
7
Calculate the remainder when 11667 is divided by 11190.
477
Calculate the remainder when 6007571 is divided by 4657.
41
Calculate the remainder when 3042654 is divided by 1521181.
292
Calculate the remainder when 302261 is divided by 33.
14
What is the remainder when 37539675 is divided by 801?
9
What is the remainder when 1158226898 is divided by 5?
3
What is the remainder when 31894336 is divided by 177?
175
What is the remainder when 136116038 is divided by 108980?
18
What is the remainder when 66844 is divided by 57?
40
Calculate the remainder when 8742714 is divided by 1014.
6
Calculate the remainder when 2148821 is divided by 97.
77
Calculate the remainder when 47792464 is divided by 3413747.
6
Calculate the remainder when 19980703 is divided by 10412.
75
What is the remainder when 15228 is divided by 15093?
135
Calculate the remainder when 3308472 is divided by 7.
6
Calculate the remainder when 5089011 is divided by 7029.
15
What is the remainder when 44544061 is divided by 377?
3
What is the remainder when 3784212 is divided by 180?
72
What is the remainder when 25613465 is divided by 258?
257
What is the remainder when 1865293 is divided by 53286?
283
Calculate the remainder when 1896043 is divided by 76.
71
Calculate the remainder when 9801 is divided by 1654.
1531
Calculate the remainder when 111215954 is divided by 1761.
1760
What is the remainder when 9192135 is divided by 576?
327
What is the remainder when 128107 is divided by 41743?
2878
What is the remainder when 242128 is divided by 121?
7
What is the remainder when 704960 is divided by 3161?
57
Calculate the remainder when 3999775 is divided by 270.
265
What is the remainder when 4095 is divided by 1010?
55
What is the remainder when 39439 is divided by 27?
19
What is the remainder when 10456 is divided by 3113?
1117
Calculate the remainder when 3995844 is divided by 399570.
144
Calculate the remainder when 63339148 is divided by 746.
18
Calculate the remainder when 315861 is divided by 63171.
6
Calculate the remainder when 24033095 is divided by 393985.
10
What is the remainder when 49988 is divided by 45090?
4898
What is the remainder when 191462171 is divided by 772?
767
Calculate the remainder when 645196 is divided by 645086.
110
What is the remainder when 19242485 is divided by 67?
18
Calculate the remainder when 16864044 is divided by 421601.
4
Calculate the remainder when 24684400 is divided by 129.
121
Calculate the remainder when 635420 is divided by 123.
2
Calculate the remainder when 13251628 is divided by 3135.
3118
What is the remainder when 569202 is divided by 9638?
560
Calculate the remainder when 2011952 is divided by 161.
96
What is the remainder when 67429 is divided by 22331?
436
Calculate the remainder when 174186 is divided by 1082.
1066
What is the remainder when 77658 is divided by 76840?
818
Calculate the remainder when 1298757 is divided by 2105.
2077
What is the remainder when 247944668 is divided by 2571?
2570
What is the remainder when 16491034 is divided by 568656?
10
What is the remainder when 58224 is divided by 8145?
1209
Calculate the remainder when 52267 is divided by 429.
358
What is the remainder when 46683 is divided by 9276?
303
What is the remainder when 2860518 is divided by 34053?
66
What is the remainder when 896702 is divided by 3898?
162
What is the remainder when 925957 is divided by 23148?
37
Calculate the remainder when 200032 is divided by 7360.
1312
Calculate the remainder when 143226 is divided by 56.
34
Calculate the remainder when 429294190 is divided by 58.
56
Calculate the remainder when 11135 is divided by 2665.
475
What is the remainder when 516959 is divided by 86147?
77
What is the remainder when 1528502 is divided by 109?
104
What is the remainder when 121803761 is divided by 15225468?
17
What is the remainder when 168693411 is divided by 8489?
3
What is the remainder when 113436837 is divided by 15?
12
Calculate the remainder when 1325117 is divided by 14940.
10397
What is the remainder when 3874957 is divided by 27?
25
Calculate the remainder when 3579263 is divided by 936.
935
Calculate the remainder when 153401 is divided by 693.
248
What is the remainder when 1380353 is divided by 6331?
195
Calculate the remainder when 120348133 is divided by 820.
13
Calculate the remainder when 64436 is divided by 4036.
3896
Calculate the remainder when 33656077 is divided by 3739563.
10
What is the remainder when 1466021 is divided by 5743?
1556
Calculate the remainder when 3499276 is divided by 340.
336
What is the remainder when 36044 is divided by 11294?
2162
What is the remainder when 59347 is divided by 822?
163
Calculate the remainder when 2698428 is divided by 2805.
18
Calculate the remainder when 4685120 is divided by 6374.
230
What is the remainder when 95671 is divided by 7972?
7
What is the remainder when 1422354 is divided by 149?
0
What is the remainder when 96588 is divided by 200?
188
Calculate the remainder when 1949427 is divided by 76.
27
Calculate the remainder when 580011 is divided by 2260.
1451
What is the remainder when 3851933 is divided by 176?
173
Calculate the remainder when 15131 is divided by 4514.
1589
Calculate the remainder when 126333 is divided by 1342.
185
What is the remainder when 2425562 is divided by 32?
26
Calculate the remainder when 3856230 is divided by 2678.
2588
Calculate the remain